{"id":62,"date":"2022-10-05T18:48:59","date_gmt":"2022-10-05T16:48:59","guid":{"rendered":"http:\/\/pourlebonheurdesloulous.fr\/?page_id=62"},"modified":"2025-09-30T13:38:57","modified_gmt":"2025-09-30T11:38:57","slug":"nos-missions","status":"publish","type":"page","link":"https:\/\/pourlebonheurdesloulous.fr\/?page_id=62","title":{"rendered":"Qui sommes-nous?"},"content":{"rendered":"\t\t<div data-elementor-type=\"wp-page\" data-elementor-id=\"62\" class=\"elementor elementor-62\">\n\t\t\t\t<div class=\"elementor-element elementor-element-3ee0baf e-flex e-con-boxed e-con e-parent\" data-id=\"3ee0baf\" data-element_type=\"container\" data-core-v316-plus=\"true\">\n\t\t\t\t\t<div class=\"e-con-inner\">\n\t\t\t\t<div class=\"elementor-element elementor-element-d80efff elementor-widget elementor-widget-image\" data-id=\"d80efff\" data-element_type=\"widget\" data-widget_type=\"image.default\">\n\t\t\t\t<div class=\"elementor-widget-container\">\n\t\t\t<style>\/*! elementor - v3.20.0 - 26-03-2024 *\/\n.elementor-widget-image{text-align:center}.elementor-widget-image a{display:inline-block}.elementor-widget-image a img[src$=\".svg\"]{width:48px}.elementor-widget-image img{vertical-align:middle;display:inline-block}<\/style>\t\t\t\t\t\t\t\t\t\t<img fetchpriority=\"high\" decoding=\"async\" width=\"251\" height=\"300\" src=\"https:\/\/pourlebonheurdesloulous.fr\/wp-content\/uploads\/2025\/09\/cropped-275746120_2090941834402684_2639084749685042791_n-251x300.jpg\" class=\"attachment-medium size-medium wp-image-3370\" alt=\"\" srcset=\"https:\/\/pourlebonheurdesloulous.fr\/wp-content\/uploads\/2025\/09\/cropped-275746120_2090941834402684_2639084749685042791_n-251x300.jpg 251w, https:\/\/pourlebonheurdesloulous.fr\/wp-content\/uploads\/2025\/09\/cropped-275746120_2090941834402684_2639084749685042791_n-856x1024.jpg 856w, https:\/\/pourlebonheurdesloulous.fr\/wp-content\/uploads\/2025\/09\/cropped-275746120_2090941834402684_2639084749685042791_n-768x919.jpg 768w, https:\/\/pourlebonheurdesloulous.fr\/wp-content\/uploads\/2025\/09\/cropped-275746120_2090941834402684_2639084749685042791_n-50x60.jpg 50w, https:\/\/pourlebonheurdesloulous.fr\/wp-content\/uploads\/2025\/09\/cropped-275746120_2090941834402684_2639084749685042791_n.jpg 1000w\" sizes=\"(max-width: 251px) 100vw, 251px\" \/>\t\t\t\t\t\t\t\t\t\t\t\t\t<\/div>\n\t\t\t\t<\/div>\n\t\t\t\t\t<\/div>\n\t\t\t\t<\/div>\n\t\t<div class=\"elementor-element elementor-element-54bebffc e-flex e-con-boxed e-con e-parent\" data-id=\"54bebffc\" data-element_type=\"container\" data-core-v316-plus=\"true\">\n\t\t\t\t\t<div class=\"e-con-inner\">\n\t\t\t\t<div class=\"elementor-element elementor-element-1a7b7286 elementor-widget elementor-widget-text-editor\" data-id=\"1a7b7286\" data-element_type=\"widget\" data-widget_type=\"text-editor.default\">\n\t\t\t\t<div class=\"elementor-widget-container\">\n\t\t\t<style>\/*! elementor - v3.20.0 - 26-03-2024 *\/\n.elementor-widget-text-editor.elementor-drop-cap-view-stacked .elementor-drop-cap{background-color:#69727d;color:#fff}.elementor-widget-text-editor.elementor-drop-cap-view-framed .elementor-drop-cap{color:#69727d;border:3px solid;background-color:transparent}.elementor-widget-text-editor:not(.elementor-drop-cap-view-default) .elementor-drop-cap{margin-top:8px}.elementor-widget-text-editor:not(.elementor-drop-cap-view-default) .elementor-drop-cap-letter{width:1em;height:1em}.elementor-widget-text-editor .elementor-drop-cap{float:left;text-align:center;line-height:1;font-size:50px}.elementor-widget-text-editor .elementor-drop-cap-letter{display:inline-block}<\/style>\t\t\t\t<!-- wp:columns -->\n<div class=\"wp-block-columns\"><!-- wp:column -->\n<div class=\"wp-block-column\"><!-- wp:image {\"id\":81,\"sizeSlug\":\"full\",\"linkDestination\":\"none\"} -->\n<figure class=\"wp-block-image size-full\"><img decoding=\"async\" class=\"alignnone wp-image-1804 size-medium\" src=\"http:\/\/pourlebonheurdesloulous.fr\/wp-content\/uploads\/2024\/04\/cropped-275746120_2090941834402684_2639084749685042791_n-300x254.jpg\" alt=\"\" width=\"300\" height=\"254\" srcset=\"https:\/\/pourlebonheurdesloulous.fr\/wp-content\/uploads\/2024\/04\/cropped-275746120_2090941834402684_2639084749685042791_n-300x254.jpg 300w, https:\/\/pourlebonheurdesloulous.fr\/wp-content\/uploads\/2024\/04\/cropped-275746120_2090941834402684_2639084749685042791_n-71x60.jpg 71w, https:\/\/pourlebonheurdesloulous.fr\/wp-content\/uploads\/2024\/04\/cropped-275746120_2090941834402684_2639084749685042791_n.jpg 366w\" sizes=\"(max-width: 300px) 100vw, 300px\" \/><\/figure>\n<!-- \/wp:image --><\/div>\n<!-- \/wp:column --><!-- wp:column -->\n<div class=\"wp-block-column\"><!-- wp:paragraph -->\n<p>Nous sommes une association de protection animale compos\u00e9e de b\u00e9n\u00e9voles dans le 06 (Alpes Maritimes).<br \/>Nous n\u2019avons pas de refuge, ni de box.<br \/>Nos petits prot\u00e9g\u00e9s se trouvent en familles d\u2019accueil provisoires qui leur permettent de rester dans un foyer entour\u00e9s et bien trait\u00e9s, de reprendre confiance en l\u2019humain, avant de retrouver une famille pour la vie.<br \/>Nous sauvons des animaux de l\u2019abandon, de maltraitances, et de la rue lorsque cela est possible.<br \/>Nous effectuons des st\u00e9rilisations de chats errants.<br \/>Nous participons aussi r\u00e9guli\u00e8rement \u00e0 des rapatriements de chiens de l\u2019\u00eele Maurice, la situation sur place \u00e9tant catastrophique et sans espoir pour ces animaux livr\u00e9s \u00e0 eux-m\u00eames.<\/p>\n<!-- \/wp:paragraph --><!-- wp:paragraph -->\n<p>Nous recherchons donc r\u00e9guli\u00e8rement des famillles d\u2019accueil, car sans elles nous ne pouvons pas sauver d\u2019animaux. Nous leur fournissons mat\u00e9riel, nourriture et prenons en charge les frais v\u00e9t\u00e9rinaires jusqu\u2019\u00e0 l\u2019adoption.<\/p>\n<!-- \/wp:paragraph --><!-- wp:paragraph -->\n<p>Mais nous recherchons aussi des b\u00e9n\u00e9voles et des dons (financiers, alimentaires, mat\u00e9riels\u2026)<\/p>\n<!-- \/wp:paragraph --><!-- wp:paragraph -->\n<p>Si vous souhaitez devenir b\u00e9n\u00e9vole, famille d\u2019accueil ou adopter n\u2019h\u00e9sitez pas \u00e0 nous contacter par <a href=\"mailto:pourlebonheurdesloulous@gmail.com\">mail<\/a> ou sur notre page <a href=\"https:\/\/www.facebook.com\/Pourlebonheurdesloulous\">Facebook<\/a> !<\/p>\n<!-- \/wp:paragraph --><!-- wp:paragraph -->\n<p>\u00a0<\/p>\n<!-- \/wp:paragraph --><\/div>\n<!-- \/wp:column --><\/div>\n<!-- \/wp:columns -->\t\t\t\t\t\t<\/div>\n\t\t\t\t<\/div>\n\t\t\t\t\t<\/div>\n\t\t\t\t<\/div>\n\t\t\t\t<\/div>\n\t\t","protected":false},"excerpt":{"rendered":"<p>Nous sommes une association de protection animale compos\u00e9e de b\u00e9n\u00e9voles dans le 06 (Alpes Maritimes).Nous n\u2019avons pas de refuge, ni de box.Nos petits prot\u00e9g\u00e9s se trouvent en familles d\u2019accueil provisoires qui leur permettent de rester dans un foyer entour\u00e9s et bien trait\u00e9s, de reprendre confiance en l\u2019humain, avant de retrouver une famille pour la vie.Nous &hellip; <\/p>\n","protected":false},"author":1,"featured_media":0,"parent":0,"menu_order":0,"comment_status":"closed","ping_status":"closed","template":"","meta":{"footnotes":""},"_links":{"self":[{"href":"https:\/\/pourlebonheurdesloulous.fr\/index.php?rest_route=\/wp\/v2\/pages\/62"}],"collection":[{"href":"https:\/\/pourlebonheurdesloulous.fr\/index.php?rest_route=\/wp\/v2\/pages"}],"about":[{"href":"https:\/\/pourlebonheurdesloulous.fr\/index.php?rest_route=\/wp\/v2\/types\/page"}],"author":[{"embeddable":true,"href":"https:\/\/pourlebonheurdesloulous.fr\/index.php?rest_route=\/wp\/v2\/users\/1"}],"replies":[{"embeddable":true,"href":"https:\/\/pourlebonheurdesloulous.fr\/index.php?rest_route=%2Fwp%2Fv2%2Fcomments&post=62"}],"version-history":[{"count":12,"href":"https:\/\/pourlebonheurdesloulous.fr\/index.php?rest_route=\/wp\/v2\/pages\/62\/revisions"}],"predecessor-version":[{"id":3373,"href":"https:\/\/pourlebonheurdesloulous.fr\/index.php?rest_route=\/wp\/v2\/pages\/62\/revisions\/3373"}],"wp:attachment":[{"href":"https:\/\/pourlebonheurdesloulous.fr\/index.php?rest_route=%2Fwp%2Fv2%2Fmedia&parent=62"}],"curies":[{"name":"wp","href":"https:\/\/api.w.org\/{rel}","templated":true}]}}