{"id":2958,"date":"2024-12-01T18:24:33","date_gmt":"2024-12-01T17:24:33","guid":{"rendered":"https:\/\/pourlebonheurdesloulous.fr\/?page_id=2958"},"modified":"2024-12-01T18:24:34","modified_gmt":"2024-12-01T17:24:34","slug":"la-gazette-n-2-2024","status":"publish","type":"page","link":"https:\/\/pourlebonheurdesloulous.fr\/?page_id=2958","title":{"rendered":"La Gazette N\u00b0 2-2024"},"content":{"rendered":"\n<p>Sp\u00e9cial hiver et f\u00eates de fin d&rsquo;ann\u00e9e<\/p>\n\n\n\n<div data-wp-interactive=\"core\/file\" class=\"wp-block-file\"><object data-wp-bind--hidden=\"!state.hasPdfPreview\"  class=\"wp-block-file__embed\" data=\"https:\/\/pourlebonheurdesloulous.fr\/wp-content\/uploads\/2024\/12\/GAZETTE-DECEMBRE-02-2024.pdf\" type=\"application\/pdf\" style=\"width:100%;height:600px\" aria-label=\"Contenu embarqu\u00e9 GAZETTE-DECEMBRE-02-2024.\"><\/object><a id=\"wp-block-file--media-3da3c8c4-5331-4a9a-9a4e-2509d1792a07\" href=\"https:\/\/pourlebonheurdesloulous.fr\/wp-content\/uploads\/2024\/12\/GAZETTE-DECEMBRE-02-2024.pdf\">GAZETTE-DECEMBRE-02-2024<\/a><a href=\"https:\/\/pourlebonheurdesloulous.fr\/wp-content\/uploads\/2024\/12\/GAZETTE-DECEMBRE-02-2024.pdf\" class=\"wp-block-file__button wp-element-button\" download aria-describedby=\"wp-block-file--media-3da3c8c4-5331-4a9a-9a4e-2509d1792a07\">T\u00e9l\u00e9charger<\/a><\/div>\n","protected":false},"excerpt":{"rendered":"<p>Sp\u00e9cial hiver et f\u00eates de fin d&rsquo;ann\u00e9e<\/p>\n","protected":false},"author":1,"featured_media":0,"parent":0,"menu_order":0,"comment_status":"closed","ping_status":"closed","template":"","meta":{"footnotes":""},"_links":{"self":[{"href":"https:\/\/pourlebonheurdesloulous.fr\/index.php?rest_route=\/wp\/v2\/pages\/2958"}],"collection":[{"href":"https:\/\/pourlebonheurdesloulous.fr\/index.php?rest_route=\/wp\/v2\/pages"}],"about":[{"href":"https:\/\/pourlebonheurdesloulous.fr\/index.php?rest_route=\/wp\/v2\/types\/page"}],"author":[{"embeddable":true,"href":"https:\/\/pourlebonheurdesloulous.fr\/index.php?rest_route=\/wp\/v2\/users\/1"}],"replies":[{"embeddable":true,"href":"https:\/\/pourlebonheurdesloulous.fr\/index.php?rest_route=%2Fwp%2Fv2%2Fcomments&post=2958"}],"version-history":[{"count":1,"href":"https:\/\/pourlebonheurdesloulous.fr\/index.php?rest_route=\/wp\/v2\/pages\/2958\/revisions"}],"predecessor-version":[{"id":2960,"href":"https:\/\/pourlebonheurdesloulous.fr\/index.php?rest_route=\/wp\/v2\/pages\/2958\/revisions\/2960"}],"wp:attachment":[{"href":"https:\/\/pourlebonheurdesloulous.fr\/index.php?rest_route=%2Fwp%2Fv2%2Fmedia&parent=2958"}],"curies":[{"name":"wp","href":"https:\/\/api.w.org\/{rel}","templated":true}]}}